digit of y?
0
Let o = -22 - -37. Let b be (o/6)/((-2)/(-4)). Suppose 5*v + 8 = -b*p + 38, 2*v = -p + 11. What is the units digit of p?
1
Let k(d) = -21*d + 1. What is the units digit of k(-3)?
4
Let v be (-10)/35 + 61/(-7). Let g(w) = w + 9. Let b be g(v). Suppose 3*o - 57 = -5*j, b = 4*j + 2*o - 52 + 8. What is the units digit of j?
9
What is the tens digit of 8/68 - (-1035)/17?
6
Let g = 125 - 70. What is the units digit of g?
5
Suppose 0*o = 2*o - 2. Suppose -10 - 6 = -4*q. Suppose -q*a - o = -57. What is the units digit of a?
4
Suppose h - 6*h + d + 16 = 0, 0 = -h - 2*d + 1. Suppose 60 = 3*q + h*m, -q - 2*m + 2 + 19 = 0. What is the tens digit of q?
1
Let v = 0 + 2. Let f be (2 + 15/(-2))*v. Let u = -2 - f. What is the units digit of u?
9
Let w be ((-1)/(-2))/((-4)/64). Let d = w + 17. What is the units digit of d?
9
Suppose -4*k + 55 = -r, -5*r - 37 = -k - 9. What is the tens digit of k?
1
Suppose -2*i = -4*x - i + 1008, -3*i - 747 = -3*x. What is the tens digit of x?
5
Let b be 1/(-1)*-1*-52. Let m = -13 - b. What is the units digit of m?
9
Let z(s) be the third derivative of -s**4/24 + 11*s**3/3 + 4*s**2. What is the tens digit of z(9)?
1
Suppose -t + 4*d = -7, 0*d = 2*t - 5*d - 11. What is the units digit of t?
3
Suppose -5*r - 84 = -29. Let x = r - -7. Let q = x - -6. What is the units digit of q?
2
Let h = 1 - -2. Let j(d) be the first derivative of d**4/4 - 4*d**3/3 + 5*d**2/2 - 4*d + 3. What is the units digit of j(h)?
2
Let q(i) = -2*i - i**2 + 3*i + 2*i**3 - i - 2*i. What is the units digit of q(2)?
8
Suppose -2*o + 84 = 2*o. Let y = -7 + o. What is the tens digit of y?
1
Suppose -4*w + 7*w - 3*z = 381, -8 = -2*z. Suppose 2*s = -15 + w. Suppose 0*v - 5*m + s = 3*v, 4*v + m = 49. What is the tens digit of v?
1
Suppose -r + 3 = 2. Let k = 5 - r. Suppose k = -b + 19. What is the tens digit of b?
1
Let v be 10/((-5)/((-5)/2)). Let i(m) = m**2 - 3*m - 2. Let f be i(v). Let o = 1 + f. What is the units digit of o?
9
Let y(w) = 5*w**3 + w**2. Let o be y(1). Suppose -k + o*k - 45 = 0. Let q = -2 + k. What is the units digit of q?
7
Let w = 108 + -53. What is the units digit of w?
5
Let o = 16 - 13. Suppose -z + 15 = -n, -5*z - 1 + 82 = -o*n. What is the units digit of z?
8
Let r = -7 - -10. Suppose -3*v - 36 = r*j, -5*j + 1 = -3*j - 3*v. Let n(h) = -h**3 - 8*h**2 - 8*h. What is the units digit of n(j)?
7
Suppose -h = 3*h - 2*w, -3*w = -3*h - 3. Let x be (3 - 3)/(0 + h). Suppose -i + x*i + 12 = 0. What is the tens digit of i?
1
Let r be 182/6 + (-4)/12. What is the units digit of (6/18)/(2/r)?
5
Suppose -58*g + 59*g - 33 = 0. What is the tens digit of g?
3
Let b(p) = 11 + 4 - 1 - p - 1. What is the units digit of b(10)?
3
Let a = 72 + 30. What is the tens digit of a?
0
Let t be (2 - (-21)/(-6))*-2. Let b = t - 1. What is the units digit of b/(4/22) + -2?
9
Suppose -p - 12 = -3*w + 2*p, -2*w + p + 6 = 0. Suppose -19 = -w*v + 1. What is the units digit of v?
0
Let l(r) = r**3 + 6*r**2 + 5*r - 3. Let g be l(-4). Suppose -4*p + 5*k + g = 0, 5*p - 2*p - 6 = 3*k. What is the units digit of p?
1
Let k = 24 - 0. What is the tens digit of k?
2
Let i(t) = -t**3 - 8*t**2 - 15*t - 4. What is the tens digit of i(-7)?
5
Suppose -3*g + 2*s + 113 = 0, -3*s + 18 = 3. What is the tens digit of g?
4
Let u be (-3 + 5)*2/(-1). Let q be (-2 - -2)/(8/u). What is the units digit of q - 20/(-6)*3?
0
Let n(f) = -f**3 + 17*f**2 + 17*f - 7. Let r(k) = -k**3 + 18*k**2 + 18*k - 8. Let v(p) = -6*n(p) + 5*r(p). What is the units digit of v(13)?
5
Let p be -3*(-3 - -1)/6. Let m(g) = 2*g**2 + g + 1. Let a be m(-1). Suppose -5 = -3*z - 6*o + 2*o, -p = -z - a*o. What is the units digit of z?
3
Suppose 0*p - 3*p = -105. Suppose 5*x = -p + 150. Suppose 5*a = 2*j - x, 0*j - 2*a + 43 = 5*j. What is the units digit of j?
9
Suppose q - 110 = -q. Suppose 2*u - 4*i - 68 = 0, -5*u + 3*i + 197 = q. Suppose 0 = -r + 3*r - u. What is the units digit of r?
3
Suppose c + 3*z - 5 = -c, 5*c = 3*z + 23. Suppose -9 - 19 = -c*t. What is the units digit of t?
7
Let l = 4 - 4. Let d be l*-1*(-3)/(-3). Let m = 11 - d. What is the tens digit of m?
1
Let t be -1 + -2 + 3 + 0. Let n be 0/(-1 - 0) + t. Let f = n - -2. What is the units digit of f?
2
Let z = 347 + -172. Suppose -z = -9*i + 4*i. What is the tens digit of i?
3
Let r(t) = -t + 5. Let h be r(5). Suppose h = 8*u - 4*u - 12. Let c(d) = 5*d - 2. What is the tens digit of c(u)?
1
Let q = 37 + -17. Let n be (-6)/(-5)*q/8. Suppose n*c = -c + 32. What is the units digit of c?
8
Suppose -4*l + 0*l = -8. Suppose v = 5*y - 21, y = l*v + 5*y - 28. What is the units digit of v?
4
Suppose -2*t - 204 = -5*t. What is the units digit of t?
8
Let s = 55 + -28. Suppose 7*l = 4*l + 15, -3*l + s = 4*u. What is the units digit of u?
3
Let x(w) = 2*w**3. Let c be x(-1). What is the units digit of (1 + c)*3/(-1)?
3
Suppose -168 = 2*v - 7*v - 4*s, -2*s = 6. What is the units digit of v?
6
Let i(m) = -m**3 - m**2 - 7*m - 14. What is the units digit of i(-5)?
1
Let p(t) = -4*t + 6. Let i be p(4). Let m be (12/10)/((-4)/i). Suppose -2 = o - 3*z, m*z = 3*o - z - 4. What is the units digit of o?
4
Suppose -9 = l + 3*g, 7 = 3*l - 2*l - g. Suppose 4*u - l + 7 = 0, -u = 2*d - 3. What is the units digit of d?
2
Let y = 1 - 6. Suppose -32 = 5*v + 3*p + 5, 0 = -2*v + 5*p - 21. Let z = y - v. What is the units digit of z?
3
Let q(u) = 3*u - 14*u - 3 + 0. What is the units digit of q(-3)?
0
Let n(m) = m**2 + 10*m. Suppose 2*d + 21 = -k, -d + k = 5*k + 14. Let c be n(d). Suppose 2*j = c, -2*g = -7*g + 2*j + 25. What is the units digit of g?
5
Let k = 0 + -1. Let d = k - -4. What is the units digit of d?
3
Suppose -k + 2*q - 1 = 2, 4*k - 4*q = 4. Suppose k*c - 460 = -190. What is the units digit of c?
4
Let c = 4 - 4. Suppose c = -x - 2*x + 12. Suppose 4*o = 32 + x. What is the units digit of o?
9
Let g be -6*(1 - 15/6). Suppose -g = -2*z + z. Let y(n) = n - 1. What is the units digit of y(z)?
8
Let m(i) = -i**2 - 2*i. Let r be m(-3). Suppose 0*o = -o - 4*u - 9, u - 3 = 5*o. What is the units digit of o*1 - (r - 4)?
6
What is the tens digit of 3 + (-4)/((-20)/255)?
5
Suppose 0*r + r = 6. Let d(l) = l - 3. Let k be d(r). What is the units digit of k - (6/(-3) - 0)?
5
Suppose 99*y = 98*y + 141. What is the units digit of y?
1
Let m(z) = -13*z - 26. What is the tens digit of m(-6)?
5
Let z(i) = i**2 - 9*i + 13. Let l be ((-4)/(-6))/(2/27). What is the tens digit of z(l)?
1
Let r(y) be the second derivative of -y**3/6 + y**2/2 + 2*y. Let d be r(-1). What is the units digit of d/((-2)/(-5)) - 1?
4
Suppose 2*q - 4*q = 4*r - 148, 4*r + 5*q - 154 = 0. What is the units digit of r?
6
Let y(b) = 16*b. Let s be y(-2). Let q = 53 + s. What is the tens digit of q?
2
Suppose 0*j = j - 3*m + 18, 5*m = -5*j - 50. What is the units digit of (6/j)/(1/(-10))?
5
Suppose -3*g - 4*q + 39 = -7*q, 5*q + 25 = 0. What is the units digit of g?
8
What is the tens digit of (-8 - 350/(-49))/((-1)/161)?
3
Let p = 18 - -3. What is the units digit of p?
1
Suppose 3 = -3*n + 6. Let z = -3 + n. What is the units digit of -12*(-2)/(-8)*z?
6
What is the units digit of 49 - (-1 - -3 - 4 - -3)?
8
Let i = -13 + 39. Let w = 31 - i. What is the units digit of w?
5
Let t(a) = -a**3 + 12*a**2 + 17*a - 11. What is the tens digit of t(13)?
4
Let f = 73 + -6. What is the tens digit of f?
6
Let f(g) = -g**2 - 5*g - 1. Let j be f(-2). Suppose -t + j*t + v = 67, t = -3*v + 14. What is the tens digit of t?
1
Let n(r) = r**2 - 7*r + 10. Let q = 22 + -14. What is the tens digit of n(q)?
1
Let t = -7 - -11. Suppose 28 = -0*d + t*d. What is the units digit of d?
7
Suppose 6*s + 2*s = 944. What is the tens digit of s?
1
Suppose 4*w + 4 = -4*y, -15 = -2*y - 5. Let j(r) = r**2 + 3*r. What is the units digit of j(w)?
8
Let g(a) = -a**2 + 11*a - 13. Suppose 0 = -2*p + 2*v + 18, -4*p - 5*v = 18 - 54. What is the units digit of g(p)?
5
Let p = -159 + 90. Let v = 97 + p. What is the tens digit of v?
2
Let m = 27 - -52. What is the tens digit of m?
7
Suppose -p - 7 + 13 = 0. What is the units digit of p?
6
Let i = -103 - -241. What is the hundreds digit of i?
1
Suppose t - 3 = 18. Suppose 3*q - t = 42. What is the tens digit of q?
2
Suppose 5*y - y + 8 = 0. What is the units digit of 3 + y/4*2?
2
Let s(d) = 47*d**2 + d + 8. What is t